of 3631?
3
What is the hundreds digit of 22454?
4
What is the hundreds digit of 65692?
6
What is the thousands digit of 11331?
1
What is the ten thousands digit of 91175?
9
What is the thousands digit of 11210?
1
What is the tens digit of 2376?
7
What is the hundreds digit of 2030?
0
What is the units digit of 29268?
8
What is the hundreds digit of 4964?
9
What is the units digit of 71717?
7
What is the hundreds digit of 6580?
5
What is the tens digit of 421?
2
What is the units digit of 16248?
8
What is the hundreds digit of 212?
2
What is the hundreds digit of 18353?
3
What is the thousands digit of 1636?
1
What is the hundreds digit of 125?
1
What is the hundreds digit of 1311?
3
What is the units digit of 208?
8
What is the units digit of 32350?
0
What is the units digit of 1311?
1
What is the hundreds digit of 22724?
7
What is the ten thousands digit of 99674?
9
What is the hundreds digit of 33030?
0
What is the thousands digit of 1924?
1
What is the units digit of 1704?
4
What is the tens digit of 130588?
8
What is the units digit of 1222?
2
What is the thousands digit of 43383?
3
What is the thousands digit of 26385?
6
What is the hundreds digit of 2715?
7
What is the units digit of 6933?
3
What is the hundreds digit of 156?
1
What is the tens digit of 3719?
1
What is the units digit of 4656?
6
What is the hundreds digit of 86345?
3
What is the hundreds digit of 17048?
0
What is the ten thousands digit of 101097?
0
What is the tens digit of 20990?
9
What is the units digit of 5314?
4
What is the thousands digit of 1087?
1
What is the units digit of 15?
5
What is the hundreds digit of 49207?
2
What is the hundreds digit of 535?
5
What is the thousands digit of 88921?
8
What is the units digit of 349?
9
What is the tens digit of 1510?
1
What is the hundreds digit of 485?
4
What is the tens digit of 17541?
4
What is the units digit of 508?
8
What is the tens digit of 487?
8
What is the tens digit of 1838?
3
What is the hundreds digit of 3518?
5
What is the thousands digit of 5886?
5
What is the tens digit of 410?
1
What is the hundreds digit of 87926?
9
What is the hundreds digit of 423?
4
What is the units digit of 2626?
6
What is the hundreds digit of 7807?
8
What is the hundreds digit of 139?
1
What is the hundreds digit of 65463?
4
What is the units digit of 152931?
1
What is the thousands digit of 4951?
4
What is the hundreds digit of 663?
6
What is the thousands digit of 2304?
2
What is the thousands digit of 4443?
4
What is the hundreds digit of 1434?
4
What is the tens digit of 525?
2
What is the hundreds digit of 47442?
4
What is the thousands digit of 70764?
0
What is the units digit of 59265?
5
What is the hundreds digit of 102201?
2
What is the hundreds digit of 629?
6
What is the thousands digit of 7787?
7
What is the tens digit of 6940?
4
What is the ten thousands digit of 92963?
9
What is the hundreds digit of 107?
1
What is the tens digit of 34041?
4
What is the hundreds digit of 1024?
0
What is the tens digit of 835?
3
What is the units digit of 68758?
8
What is the tens digit of 101866?
6
What is the tens digit of 3492?
9
What is the units digit of 2761?
1
What is the tens digit of 2133?
3
What is the hundreds digit of 365?
3
What is the hundreds digit of 6531?
5
What is the tens digit of 14217?
1
What is the units digit of 17149?
9
What is the units digit of 652?
2
What is the units digit of 2600?
0
What is the units digit of 74161?
1
What is the tens digit of 51?
5
What is the hundreds digit of 2641?
6
What is the tens digit of 1488?
8
What is the hundreds digit of 1471?
4
What is the tens digit of 14669?
6
What is the tens digit of 912?
1
What is the hundreds digit of 555?
5
What is the thousands digit of 1341?
1
What is the tens digit of 72828?
2
What is the hundreds digit of 49977?
9
What is the hundreds digit of 3072?
0
What is the ten thousands digit of 24442?
2
What is the units digit of 7740?
0
What is the units digit of 255?
5
What is the units digit of 13019?
9
What is the units digit of 5627?
7
What is the tens digit of 13494?
9
What is the units digit of 311?
1
What is the tens digit of 53816?
1
What is the units digit of 1060?
0
What is the hundreds digit of 7703?
7
What is the hundreds digit of 763?
7
What is the tens digit of 1082?
8
What is the hundreds digit of 1459?
4
What is the ten thousands digit of 11810?
1
What is the hundreds digit of 376?
3
What is the tens digit of 195?
9
What is the tens digit of 398?
9
What is the hundreds digit of 2663?
6
What is the hundreds digit of 3770?
7
What is the units digit of 2656?
6
What is the hundreds digit of 61352?
3
What is the units digit of 1988?
8
What is the hundreds digit of 317?
3
What is the hundreds digit of 59848?
8
What is the units digit of 27563?
3
What is the ten thousands digit of 15403?
1
What is the units digit of 16827?
7
What is the hundreds digit of 5903?
9
What is the hundreds digit of 5335?
3
What is the thousands digit of 2049?
2
What is the units digit of 41556?
6
What is the hundreds digit of 335?
3
What is the units digit of 7606?
6
What is the hundreds digit of 6785?
7
What is the tens digit of 87529?
2
What is the units digit of 4304?
4
What is the hundreds digit of 6546?
5
What is the hundreds digit of 30851?
8
What is the hundreds digit of 838?
8
What is the thousands digit of 15665?
5
What is the tens digit of 5885?
8
What is the tens digit of 3514?
1
What is the ten thousands digit of 14269?
1
What is the hundreds digit of 5700?
7
What is the ten thousands digit of 18872?
1
What is the hundreds digit of 4983?
9
What is the units digit of 4813?
3
What is the tens digit of 3935?
3
What is the tens digit of 25151?
5
What is the units digit of 2824?
4
What is the units digit of 320?
0
What is the tens digit of 821?
2
What is the thousands digit of 2135?
2
What is the tens digit of 9462?
6
What is the hundreds digit of 36562?
5
What is the ten thousands digit of 18121?
1
What is the ten thousands digit of 65815?
6
What is the units digit of 791?
1
What is the thousands digit of 4197?
4
What is the thousands digit of 44953?
4
What is the ten thousands digit of 24261?
2
What is the ten thousands digit of 40571?
4
What is the tens digit of 9411?
1
What is the tens digit of 1074?
7
What is the hundreds digit of 1494?
4
What is the units digit of 385?
5
What is the units digit of 129268?
8
What is the tens digit of 2610?
1
What is the hundreds digit of 818?
8
What is the thousands digit of 5148?
5
What is the units digit of 54857?
7
What is the thousands digit of 90170?
0
What is the units digit of 46779?
9
What is the thousands digit of 9078?
9
What is the hundreds digit of 58591?
5
What is the ten thousands digit of 44126?
4
What is the units digit of 41202?
2
What is the units digit of 3388?
8
What is the hundreds digit of 835?
8
What is the tens digit of 2808?
0
What is the units digit of 304?
4
What is the hundreds digit of 18154?
1
What is the units digit of 80693?
3
What is the units digit of 603?
3
What is the hundreds digit of 527?
5
What is the units digit of 356?
6
What is the thousands digit of 37268?
7
What is the units digit of 46?
6
What is the hundreds digit of 1135?
1
What is the tens digit of 60500?
0
What is the hundreds digit of 139765?
7
What is the units digit of 179?
9
What is the hundreds digit of 110412?
4
What is the hundreds digit of 33685?
6
What is the thousands digit of 8166?
8
What is the tens digit of 7522?
2
What is the ten thousands digit of 12519?
1
What is the tens digit of 345?
4
What is the hundreds digit of 1593?
5
What is the thousands digit of 11767?
1
What is the units digit of 1541?
1
What is the hundreds digit of 1344?
3
What is the thousands digit of 1131?
1
What is the tens digit of 5663?
6
What is the thousands digit of 37083?
7
What is the hundreds digit of 934?
9
What is the thousands digit of 15334?
5
What is the hundreds digit of 2243?
2
What is the tens digit of 622?
2
What is the units digit of 38511?
1
What is the units digit of 472?
2
What is the tens digit of 3568?
6
What is the hundreds digit of 3733?
7
What is the thousands digit of 37589?
7
What is the thousands digit of 1393?
1
What is the thousands digit of 1284?
1
What is the units digit of 238?
8
What is the tens digit of 